991. Suppose -220 = q - s*q. Suppose 0*n = n - 41. Calculate the remainder when n is divided by q.
19
Suppose -5*l - 2*o = -228, l - 60*o + 55*o = 132. Suppose 4*h = -0*h + 100. What is the remainder when l is divided by h?
2
Let n = 457 - -1028. Calculate the remainder when n is divided by 93.
90
Let w = -167 + 234. Let q(n) = -104*n**2 + 934*n + 25. Calculate the remainder when w is divided by q(9).
4
Let j(s) = 4*s + 21. Let v(q) = -6*q - 20. Let w be v(-4). Calculate the remainder when j(w) is divided by 22.
15
Let u = 6519 - 6473. What is the remainder when 10073 is divided by u?
45
Let w = -4184 + 4346. Let a = -14 - -29. What is the remainder when w is divided by a?
12
Let b = 347 - 279. Suppose 0 = 4*j - b - 16. Suppose -3*w - w + 414 = -2*g, 4*g = 5*w - 522. What is the remainder when w is divided by j?
18
Let c be 1*(0 + -3 + -271). Let f = 160 + c. What is the remainder when 5 + 9/(-3) - (-5 + f) is divided by 25?
21
Suppose -4850 = -5*z - 43*m + 38*m, z - 5*m - 922 = 0. Calculate the remainder when z is divided by 14.
10
Let v(j) be the second derivative of -j**5/20 + 11*j**4/12 - j**3/6 - 7*j**2/2 + 131*j. Calculate the remainder when v(6) is divided by 43.
38
Let g(v) = 44*v - 137. Let a(u) = 21*u - 69. Let b(n) = 5*a(n) - 3*g(n). What is the remainder when 33 is divided by b(2)?
9
Let v = 17963 + -17794. What is the remainder when 1678 is divided by v?
157
What is the remainder when 1597 is divided by (2376/60)/(5/50)?
13
Suppose 439 = -3*w + 5*w + 5*i, 2*w + 2*i - 454 = 0. Suppose -112 = -2*t - 76. Calculate the remainder when w is divided by t.
16
Let z = -9287 - -12907. Calculate the remainder when z is divided by 145.
140
Suppose -104 = 3*h - 149. Suppose -t + h = -10*f + 11*f, 38 = 2*f - 2*t. What is the remainder when 186 is divided by f?
16
Let m(y) be the second derivative of 41*y**5/10 - y**4/6 + y**3/6 + 109*y + 1. What is the remainder when 970 is divided by m(1)?
79
Let d(p) = -p**3 + 6*p**2 + 10*p - 17. Let m be d(7). Suppose -14*j = m + 24. Calculate the remainder when 41 is divided by 0 + j - (-57)/(6/2).
7
Let s be 60/24 + 2/(-4). What is the remainder when 148/16 + s/(-8) is divided by (-1 + -1 - -9)/(4/4)?
2
Let s = 4588 + -4546. What is the remainder when 102 is divided by s?
18
Let w = -30 - -36. Let m(f) be the third derivative of f**4/3 - 25*f**3/6 - f**2 + 4*f. Calculate the remainder when 114 is divided by m(w).
22
Let k(i) = 6 - i**3 + 2*i**2 - 16*i + 8*i + 2*i + 8*i. What is the remainder when 42 is divided by k(-2)?
6
Suppose 4*x - 17 - 43 = 0. Suppose 0 = -0*c - 3*c - g + 226, -c + 86 = 3*g. Calculate the remainder when c is divided by x.
14
Suppose f = 6*f. Suppose -5*z + 103 + 7 = f. What is the remainder when ((-47)/(-94))/(12/1464) is divided by z?
17
Suppose -11409 = -26*v + 12641. What is the remainder when 1866 is divided by v?
16
Suppose 0 = -13*f + 1068 + 856. What is the remainder when 1034 is divided by f?
146
Let p(m) = 7*m - 42. Let t(g) = 2*g**2 - 36*g + 202. What is the remainder when t(9) is divided by p(8)?
12
Calculate the remainder when 119*(-8)/6*(-9)/12 is divided by ((-2)/(-3))/(2/30).
9
Let r = -310 + 306. Calculate the remainder when 64 is divided by ((1 - -1)/r)/((-11)/286).
12
Let w(l) = l**3 - 51*l**2 + 285*l + 31. Calculate the remainder when 445 is divided by w(6).
82
Let u = 240 + -238. Suppose 0 = -u*x + 92 - 18. What is the remainder when 109 is divided by x?
35
Let n(a) = -a**2 + 16*a + 34. Let z be n(17). Let b = z + 8. What is the remainder when 3/(12/(-94))*(0 + -2) is divided by b?
22
Suppose 0 = -2*x - 5*b + 19, 0 = 3*b - 11 + 2. Suppose 24 = g + x*g. What is the remainder when 1204/22 + (-102)/(-374) is divided by g?
7
What is the remainder when 625 is divided by (-3 - (-1 + (-183)/6))*22/33?
17
Let f = -50 - -52. Suppose q - 5*v - 37 - 55 = 0, -f*v - 101 = -q. Suppose b = -25 + q. Calculate the remainder when b is divided by 17.
14
Calculate the remainder when 514 is divided by -358*1/(-2) + -5 + 2.
162
Let l = -26 + 39. Let r be (9/15)/3 - (-87)/15. Suppose -46 = -r*a - 28. What is the remainder when l is divided by a?
1
Let j(z) = -8*z**3 - 3*z**2 - z + 4. Suppose -3 - 3 = 2*n. Let y(r) = -21*r + 432. Calculate the remainder when j(n) is divided by y(19).
31
Suppose 4*u - 1375 = -3*g, u - 13*g - 361 = -8*g. Calculate the remainder when u is divided by 25.
21
Let j(f) = -f**3 + 9*f**2 - 5*f - 19. What is the remainder when 2121 is divided by j(6)?
56
Let f = 487 + -218. Let n = -111 + f. What is the remainder when n is divided by 10?
8
Suppose 5*n = -0*n + 140. Suppose 2*v = a + 5*v - 4, 3*a + v = n. Calculate the remainder when 54 is divided by a.
4
Suppose d + 593 = 4*h, -149*h + 4*d - 588 = -153*h. What is the remainder when 597 is divided by h?
5
Let w(r) = -3*r - 17. Let s be w(-4). Let a = -11 - s. What is the remainder when (-67)/3*(a + 3) is divided by 17?
16
Let u(k) = 22*k**2 + k**3 + 6*k**2 - k**2 + 4*k + 127 + 3*k**2. What is the remainder when 49 is divided by u(-30)?
0
Let f = -18 - -29. Let n be 28/10 - 3/(-15) - 1. Suppose 0 = n*k - 229 + 217. What is the remainder when f is divided by k?
5
Let d = -2628 + 2645. Calculate the remainder when 264 is divided by d.
9
Let z(i) = -8*i**2 + 195*i - 132. What is the remainder when z(22) is divided by 57?
1
Suppose 5*d - 270 = -5*m - 0*d, -m = -3*d - 46. Calculate the remainder when 321 is divided by m.
9
Suppose -79*i = -3535 - 2785. Suppose h - 143 = 3*s, 2*h + 772 = 7*h + 4*s. Calculate the remainder when h is divided by i.
72
Let n be (-16)/(-40)*(-45)/(-6). Suppose -n*x - 216 = -3*k, -k + 0*x = 2*x - 63. Suppose 8 = -z + 22. What is the remainder when k is divided by z?
13
Suppose -k - 5*z + 514 = -2102, 2*z = 4*k - 10332. Calculate the remainder when k is divided by 370.
366
Suppose l + 2*l - 285 = 0. Suppose -4*k - 85 = -5*k + 2*n, k = -2*n + 105. Calculate the remainder when k is divided by -9 - 196/(-21) - l/(-3).
31
Suppose -6*t - 4*f = -5480, 2*f + 2768 = 3*t - 3*f. What is the remainder when t is divided by 46?
42
Let a = 436 + -536. What is the remainder when 47 is divided by ((-5)/(-2))/(a/(-160))?
3
Suppose 21*d + 90 = -9*d. Let r(y) = -3*y**3 - y**2 + y - 3. What is the remainder when 263 is divided by r(d)?
65
Calculate the remainder when 6463 is divided by (-11200)/(-170) - (11 + -16 - (-83)/17).
61
Let p be 3/6*(-3 + 17). Suppose -2*g = 4*u - 4, u - 7 = -3*g + 4. Let r = p + g. What is the remainder when r is divided by 4?
3
Suppose -m - 2*m = -408 - 279. What is the remainder when 3196 is divided by m?
219
Let s = -2 + 3. Suppose -221*j - 1024 = -6991. Calculate the remainder when j is divided by 1 - s/(1/(-5)).
3
Let u = -274 - -285. Calculate the remainder when 101 is divided by (-9)/(-18)*(1 + -4 + u).
1
Let x(q) = -35*q**3 - 2*q. Calculate the remainder when x(-2) is divided by 41 - 9 - -11 - -2*3.
39
Let g(d) = -25*d - 2010. What is the remainder when 121 is divided by g(-82)?
1
Suppose 25 = -2*n + 7*n + j, 5*n - 15 = j. Suppose -3*u + 23 = 5. Calculate the remainder when (12 - (3 + n)) + 10 is divided by u.
3
Let r(f) = 2*f**3 + 47*f**2 - 27*f + 73. What is the remainder when 1466 is divided by r(-24)?
16
Suppose -2*j = -6, 4*j - 2*j + 1698 = -3*s. Let u be 1/(-2) - s/(-16). What is the remainder when u/15*(-210)/4 is divided by 32?
30
Suppose 0*g + g - 60 = 0. Let y be 0 - 238/(-18) - 162/729. Suppose -2*s - y - 3 = -2*k, s - 13 = -2*k. What is the remainder when g is divided by k?
4
Let s = -1 - -10. Let a = s + 24. Suppose -5*c + a = -77. What is the remainder when c is divided by 5?
2
What is the remainder when (-5)/(5/(-416)) - (3 + 4) is divided by 8?
1
Suppose 77*a - m - 2164 = 73*a, -a + 541 = 3*m. Calculate the remainder when 546 is divided by a.
5
Let o(x) = 271*x + 35. Let g be o(1). Suppose 0 = -11*m + 17*m - g. What is the remainder when m is divided by 26?
25
Let u(c) = c**2 + c - 26. Let p = 15 - -1. What is the remainder when u(-8) is divided by 99*2/10 + p/(-20)?
11
Suppose -274*l + 142*l - 315 = -147*l. What is the remainder when 6904 is divided by l?
16
Let y(z) = -7*z**2 - 364*z - 172. What is the remainder when y(-43) is divided by 54?
53
Suppose a + 37 - 5158 = -3*s, 2*a = 0. Calculate the remainder when s is divided by 18.
15
Let f(j) = 27*j + 90. Let